)/((-27)/(-270))?
12
What is the remainder when 6*((-154)/(-15))/(32/80) is divided by 32?
26
Suppose -21*f = h - 18*f - 164, 3*h - 542 = f. Calculate the remainder when h is divided by 67.
45
What is the remainder when 1471 is divided by 12/(-3) + 0*(-3)/9 + 29?
21
Suppose -50*d + 4*d = -1472. What is the remainder when 992 is divided by d?
0
Let y = 9 - 7. Let h(w) = w**2 + 26*w + 6. What is the remainder when h(-26) is divided by y?
0
Suppose -4*f + 141 = -u, 4*f + 2*u = -2*u + 116. Suppose 210 = 95*g - 74*g. Suppose -16 - 84 = -g*l. Calculate the remainder when f is divided by l.
4
Suppose 6*s - 707 + 2927 = 0. Let q = 432 + s. Calculate the remainder when 121 is divided by q.
59
Suppose -3*l - 184 = -5*l - 5*d, 3*l + d = 276. Calculate the remainder when 79 is divided by (-4*1)/((-23)/l).
15
Let v be ((-7)/(-2))/(34/(-68)). Calculate the remainder when 27 is divided by (-1)/(v/37) - 48/168.
2
Suppose 24*p - 20*p = 12. What is the remainder when 119 is divided by 9 + (-12)/(-1 - p)?
11
Suppose -180 = -3*r + 135. Suppose -6*p = -3*p - r. Suppose -4 = -3*t + t, 4*t - p = -m. What is the remainder when 48 is divided by m?
21
Let l(x) = -x**3 - 15*x**2 - 39*x + 7. Let w(t) = 10*t**2 + 4*t - 33. What is the remainder when w(-7) is divided by l(-12)?
42
Suppose -4474 = -300*b + 2320 - 1394. Suppose 12 = q + 3*q. Suppose h + 18 = q*h. What is the remainder when b is divided by h?
0
Let b(w) = -2*w - 10. Let r(v) = -v - 10. Let q(i) = 3*b(i) - 2*r(i). Calculate the remainder when 178 is divided by q(-10).
28
Let z = 3888 + -3841. What is the remainder when 137 is divided by z?
43
Let a = -3171 + 3625. What is the remainder when a is divided by 7?
6
Suppose 706*d = 701*d - 4*b + 12, -5*b = 5*d - 10. What is the remainder when 399 is divided by d?
3
What is the remainder when 2572 is divided by (675/30 - 19)/(1/244)?
10
Suppose 347*z - 374*z + 243 = 0. What is the remainder when 10394 is divided by z?
8
Let u be 2*3/4 + (-120)/(-48). Suppose 4*r = y + 556, 2*r = -u*y + 55 + 223. Calculate the remainder when r is divided by 14.
13
Let b(r) = -6*r**2 - 2*r + 22. Suppose -c + 1 = -3*y, 2*y - c - 4*c = -5. What is the remainder when 41 is divided by b(y)?
19
Suppose -6*l - 6639 + 6813 = 0. Let k(r) = r - 15. Let y be k(10). What is the remainder when (y + 2)*(-107)/3 is divided by l?
20
Let v = 203 + -145. Let j = -44063 + 44079. What is the remainder when v is divided by j?
10
Suppose 13*p = 8*p - 14*p + 703. What is the remainder when 254 is divided by p?
32
Let l(y) = y**3 - 12*y**2 + 3*y - 15. Suppose j - 21*j = -3820. Let h = j - 186. Calculate the remainder when l(12) is divided by h.
1
What is the remainder when (-197)/(-6 - 153/(-27)) - -1*2 is divided by 18?
17
Let g = -874 - -937. Calculate the remainder when g is divided by -3 + (18 - -5) + -2.
9
Let l(t) = -t**3 + 5*t**2 + 2*t - 2. Let f be l(4). Let b = 28 - f. Suppose 5*n - 4*w = b*n - 19, -4*w = -12. What is the remainder when 20 is divided by n?
6
Suppose -f = 4*q - 2*q - 40, -5*f + 5*q + 125 = 0. Let n = 58 - f. Calculate the remainder when -2 + 48/15 - (-3264)/30 is divided by n.
26
Suppose -r + 5*t + 18 = 0, -4*r - 3*t + 2 = -1. Let b(i) = 30*i - 1218. What is the remainder when b(48) is divided by (348/r)/4 + -4?
22
Suppose 0 = 3*o - 3*g - 6003, 69*o - 67*o - 4002 = 4*g. What is the remainder when o is divided by 34?
29
Let w(a) = 28*a**2 - 22*a + 27. Calculate the remainder when 583 is divided by w(1).
22
Let k = -70 - -85. Let r(g) = -5*g**3 - 16*g**2 + 9*g + 25. Calculate the remainder when r(-4) is divided by k.
8
Suppose 376*z + 100 = 381*z. Calculate the remainder when 229 is divided by z.
9
Let w = 15 + 13. Suppose 2*y = 13*y - 330. Suppose 2*v - y = -v. What is the remainder when w is divided by v?
8
Suppose 2*z - 5*g - 53 = 0, -z - 5*g = 2 - 6. Let t = 313 - 295. Suppose -4*l + 53 = 3*r, -5*r + 5*l + 12 = -t. What is the remainder when z is divided by r?
8
Suppose 18*w - 1579 = -1741 + 5346. What is the remainder when 614 is divided by w?
38
Suppose 7764 = 9*y + 3*y. Suppose 0 = 11*x + 240 - y. What is the remainder when x is divided by 13?
11
Let h(d) = -148 + 58 + 6*d + 3*d + d**2. What is the remainder when h(7) is divided by 7?
1
Let j = 173 - 103. Let s = j - 67. Suppose 51 = 3*d + s*x - 8*x, -5*x - 7 = -d. What is the remainder when d is divided by 7?
1
Let n(k) = 4*k**2 + 2*k + 45. Let p(d) = -d**2 + 20*d + 11. Calculate the remainder when n(-5) is divided by p(17).
11
Let b = -83 - -166. Suppose 8*u = -18*u + 14*u - 144. Let m = b + u. Calculate the remainder when m is divided by 36.
35
Let h(b) = 6*b - 23. Let u(l) = 150*l - 573. Let c(n) = -153*h(n) + 6*u(n). What is the remainder when 77 is divided by c(4)?
5
Let u = 11 + 12. Let y = 387 - 314. What is the remainder when y is divided by u?
4
Let m = -27120 - -27199. What is the remainder when 693 is divided by m?
61
Suppose 242 = -2*q + 2*k - 3*k, -3*q - 341 = -4*k. Let v = q + 147. Calculate the remainder when 213 is divided by v.
17
Calculate the remainder when 8553 is divided by 21 - (((-15)/10)/((-6)/(-16)) + -1).
25
Let w be (154/44)/(1 - (-122)/(-124)). Suppose 15*o - 188 = w. What is the remainder when o is divided by (-1 - 2)*(-7)/3?
6
Suppose 258 = 20*v - 261 - 161. Suppose 0*f - 2*f + 269 = 3*z, -f - 5*z = -145. What is the remainder when f is divided by v?
28
Suppose -5 = -3*f + 5*w + 12, -2*f - 14 = 3*w. Let r be 2/((-30)/9)*f*115. Suppose 44 = -5*j + r. Calculate the remainder when 22 is divided by j.
2
Let b(c) = c**3 + 17*c**2 + 30*c - 9. What is the remainder when 346 is divided by b(-4)?
30
Let a = -105 + 225. Suppose -52*n + 57*n - a = 0. Calculate the remainder when n is divided by 13.
11
Let k = -24645 - -24844. What is the remainder when 568 is divided by k?
170
What is the remainder when (-7 - 3525/6)*(-2)/1 is divided by 210?
139
Let q be (-2 + 0)/(1/(-8)*-4). What is the remainder when (-1)/(-2)*(-1 + (-636)/q) is divided by 14?
9
Let a(f) be the first derivative of -f**2 + 31*f + 83. Calculate the remainder when (-3)/6 - 91/(-2) is divided by a(8).
0
Suppose -3*a = 78*s - 73*s - 749, 3*a - 5*s - 829 = 0. What is the remainder when a is divided by 6?
5
Let s = 826 - -606. Calculate the remainder when s is divided by 160.
152
Suppose 168 = 6*a + 86*b - 90*b, -3*b - 42 = -a. What is the remainder when 3825 is divided by a?
9
Let r = 20302 - 20187. What is the remainder when r is divided by 90?
25
Let w = -4622 + 6187. Calculate the remainder when w is divided by 29.
28
Let j(m) = -m**3 - 19*m**2 - 52*m + 21. Calculate the remainder when 4/(-14) - 10110/(-7) is divided by j(-16).
84
Let h = -496 - -739. What is the remainder when (-1)/((-18)/(-8)) - (-3267)/h is divided by 0 + 5 - (-6)/(-2)?
1
Let w be -2 - ((-429)/65 - 3/(-5)). Suppose b = w, -4*t + 5*b = 4*b - 256. Calculate the remainder when t is divided by 15.
5
Let i = 116 + -72. Calculate the remainder when i is divided by (-3)/(11 + 2408/(-215)).
14
Suppose -7*o - 1276 = -11*o - 4*w, -5*o - w + 1587 = 0. Calculate the remainder when o is divided by 4.
1
Let a = -117 - 6. Let n = 149 + a. Let m(j) = 27*j**2 - 4*j + 2. What is the remainder when m(2) is divided by n?
24
Let a(j) = -4*j - 39. Suppose 0 = -4*h + 2*s - 94, 21 = 4*s + 1. Let q be a(h). Calculate the remainder when (6/(-5))/((-2)/q) is divided by 7.
6
Suppose -7022 = 21*j - 12664 - 18592. What is the remainder when j is divided by 6?
2
Let p(g) = -3*g**3 - 4*g**2 + 6*g + 44. What is the remainder when p(-4) is divided by 46?
10
Calculate the remainder when 109 is divided by (-4 + 9 + -17)*-8.
13
Suppose 4 = 3*u - 14. Let o(h) = h**3 - 62*h**2 + 782*h + 471. What is the remainder when o(44) is divided by u?
1
Let w(b) = b**2 + 22*b + 134. Calculate the remainder when 78 is divided by w(-17).
29
Suppose 43*j - 10906 = -78*j + 39*j. What is the remainder when 237 is divided by j?
104
Suppose s = -3*p + 58, 217 = 4*s - 6*p + 3*p. Let n = s + -45. Calculate the remainder when 74/2*(1 + 0) is divided by n.
7
Suppose 0 = -3*j + 151 - 34. Let d = 69 - j. What is the remainder when (11052/120 - 4) + 2/(-20) is divided by d?
28
Suppose -2*k + 20 = -k. Suppose 746 = -2*z + j, 5*z - 3*j - 441 = -2306. Let i = -316 - z. What is the remainder when i is divided by k?
17
Suppose -5*v + 